{"id":32,"date":"2016-05-04T10:08:22","date_gmt":"2016-05-04T08:08:22","guid":{"rendered":"http:\/\/vm-bioinfo-wp.toulouse.inra.fr\/?page_id=32"},"modified":"2021-12-21T11:43:23","modified_gmt":"2021-12-21T10:43:23","slug":"2014-2","status":"publish","type":"page","link":"https:\/\/vm-bioinfo-wp.toulouse.inrae.fr\/genotoul_test_update\/index.php\/about-us\/publications-2-2-2\/2014-2\/","title":{"rendered":"2014"},"content":{"rendered":"<ol>\n<li style=\"text-align: justify;\">\n<div class=\"gs_gray\"><strong>J Mariette<\/strong>, M Olteanu, J Boelaert, N Villa-Vialaneix. Bagged kernel SOM. 2014. Advances in Self-Organizing Maps and Learning Vector Quantization, 45-54. <a href=\"http:\/\/link.springer.com\/chapter\/10.1007\/978-3-319-07695-9_4\">see<\/a><\/div>\n<\/li>\n<li style=\"text-align: justify;\">Morel, A, Teyssier C, Trontin J-F, Eli\u00e1\u0161ov\u00e1 K, Pe\u0161ek B, Beaufour M, Morabito D, Boizot N, Le Mett\u00e9 C, Belal-Bessai L, Reymond I, Harvengt L, Cadene M, Corbineau F,\u00a0 V\u00e1gner M, Label P, Lelu-Walter M-A. Early molecular events involved in Pinus pinaster Ait. somatic embryo development under reduced water availability: transcriptomic and proteomic analyses. Physiologia Plantarum. 2014. Vol 152 Issue 1 pages 184-201. doi:10.1111\/ppl.12158. <a href=\"http:\/\/onlinelibrary.wiley.com\/doi\/10.1111\/ppl.12158\/full\" target=\"_blank\" rel=\"noopener noreferrer\">see<\/a><\/li>\n<li style=\"text-align: justify;\">Alice Saunier, Pascale Garcia, Vanessa Becquet, Nathalie Marsaud, Fr\u00e9d\u00e9ric Escudi\u00e9 and Eric Pante; Mitochondrial genomes of the Baltic clam Macoma balthica(Bivalvia: Tellinidae): setting the stage for studying mito-nuclear incompatibilities; BMC Evolutionary Biology 2014 14:259; doi : 10.1186\/s12862-014-0259-z. <a href=\"https:\/\/bmcevolbiol.biomedcentral.com\/articles\/10.1186\/s12862-014-0259-z\" target=\"_blank\" rel=\"noopener noreferrer\">see<\/a><\/li>\n<li style=\"text-align: justify;\">Bouzid W, Verdenaud M, <strong>Klopp C<\/strong>, Ducancel F, <strong>Noirot C<\/strong> and V\u00e9tillard A. De Novo sequencing and transcriptome analysis for Tetramorium bicarinatum: a comprehensive venom gland transcriptome analysis from an ant species.\u00a0\u00a0\u00a0 BMC Genomics 2014, 15:987. doi:10.1186\/1471-2164-15-987. <a href=\"http:\/\/www.biomedcentral.com\/1471-2164\/15\/987\/\" target=\"_blank\" rel=\"noopener noreferrer\">see<\/a><\/li>\n<li style=\"text-align: justify;\">Kocher A, Kamilari M, Lhuillier E, Coissac E, P\u00e9neau J, Chave J, Murienne J. Shotgun assembly of the assassin bug Brontostoma colossus mitochondrial genome (Heteroptera, Reduviidae). Gene, Volume 552, Issue 1, 15 November 2014, Pages 184-194, ISSN 0378-1119. doi:10.1016\/j.gene.2014.09.033. <a href=\"http:\/\/www.sciencedirect.com\/science\/article\/pii\/S0378111914010592\" target=\"_blank\" rel=\"noopener noreferrer\">see<\/a><\/li>\n<li style=\"text-align: justify;\">Marie P, Labas V, Brionne A, Harichaux G, Hennequet-Antiera C, Nysa Y, Gautrona J. Data set for the proteomic inventory and quantitative analysis of chicken uterine fluid during eggshell biomineralization. Data in brief. 2014. Volume 1, December 2014, Pages 65\u201369. doi:10.1016\/j.dib.2014.09.006. <a href=\"http:\/\/www.sciencedirect.com\/science\/article\/pii\/S2352340914000183\" target=\"_blank\" rel=\"noopener noreferrer\">see<\/a><\/li>\n<li style=\"text-align: justify;\">Eves-van den Akker S., Lilley C., Danchin E.G.J., Rancurel C., Cock P., Urwin P., Jones J.T. The Transcriptome of Nacobbus aberrans Reveals Insights into the Evolution of Sedentary Endoparasitism in Plant-Parasitic Nematodes. Genome Biol Evol. 2014 Aug 13;6(9):2181-94. doi: 10.1093\/gbe\/evu171. Pubmed PMID:25123114. <a href=\"http:\/\/gbe.oxfordjournals.org\/content\/6\/9\/2181.full.pdf+html\" target=\"_blank\" rel=\"noopener noreferrer\">see<\/a><\/li>\n<li style=\"text-align: justify;\">\n<div>Habib Salami, Guillaume Croville, Olivier Kwiatek, <strong>J\u00e9r\u00f4me Mariette<\/strong>, <strong>Christophe Klopp<\/strong>, Sophie Vali\u00e8re, Jean-Luc Gu\u00e9rin, Moustapha Lo, Yaya Thiongane, Emmanuel Albina, Genevi\u00e8ve Libeau. Complete Genome Sequence of a Field Strain of Peste des Petits Ruminants Virus Isolated during 2010-2014 Epidemics in Senegal. Genome Announcements. 2014, vol.2 no.5 e00772-14. doi: 10.1128\/genomA.00772-1. <a href=\"http:\/\/genomea.asm.org\/content\/2\/5\/e00772-14.full\" target=\"_blank\" rel=\"noopener noreferrer\">see <\/a><\/div>\n<\/li>\n<li style=\"text-align: justify;\">Philippe Bardou, <strong>J\u00e9r\u00f4me Mariette<\/strong>, <strong>Fr\u00e9d\u00e9ric Escudi\u00e9<\/strong>, <strong>Christophe Djemiel<\/strong> and <strong>Christophe Klopp<\/strong>. jvenn: an interactive Venn diagram viewer. BMC Bioinformatics 2014, 15:293 doi:10.1186\/1471-2105-15-293. <a href=\"http:\/\/www.biomedcentral.com\/1471-2105\/15\/293\" target=\"_blank\" rel=\"noopener noreferrer\">see<\/a><\/li>\n<li style=\"text-align: justify;\">Choulet F, Alberti A, Theil S, Glover N, Barbe V, Daron J, Pingault L, Sourdille P, Couloux A, Paux E, Leroy P, Mangenot S, Guilhot N, Le Gouis J, Balfourier F, Alaux M, Jamilloux V, Poulain J, Durand C, Bellec A, <strong>Gaspin C<\/strong>, Safar J, Dolezel J, Rogers J, Vandepoele K, Aury JM, Mayer K, Berges H, Quesneville H, Wincker P, Feuillet C. Structural and functional partitioning of bread wheat chromosome 3B. Science. 2014 Jul 18;345(6194):1249721. doi: 10.1126\/science.1249721. PubMed PMID: 25035497. <a href=\"http:\/\/www.sciencemag.org\/content\/345\/6194\/1249721.long\" target=\"_blank\" rel=\"noopener noreferrer\">see<\/a><\/li>\n<li style=\"text-align: justify;\">Anthony Levasseur, Anne Lomascolo, Olivier Chabrol, Francisco J Ruiz-Due\u00f1as, Eva Boukhris-Uzan, Fran\u00e7ois Piumi, Ursula K\u00fces, Arthur F Ram, Claude Murat, Mireille Haon, Isabelle Benoit, Yonathan Arfi, Didier Chevret, Elodie Drula, Min Jin Kwon, Philippe Gouret, Laurence Lesage-Meessen, Vincent Lombard, <strong>J\u00e9r\u00f4me Mariette<\/strong>, <strong>C\u00e9line Noirot<\/strong>, Joohae Park, Aleksandrina Patyshakuliyeva, Jean Claude Sigoillot, Ad Wiebenga, Han A W\u00f6sten, Francis Martin, Pedro M Coutinho, Ronald P de Vries, Angel T Mart\u00ednez, <strong>Christophe Klopp<\/strong>, Pierre Pontarotti, Bernard Henrissat and Eric Record. The genome of the white-rot fungus Pycnoporus cinnabarinus: a basidiomycete model with a versatile arsenal for lignocellulosic biomass breakdown. <i>BMC Genomics<\/i> 2014, 15:486 doi:10.1186\/1471-2164-15-486. <a href=\"http:\/\/www.biomedcentral.com\/1471-2164\/15\/486\/abstract\" target=\"_blank\" rel=\"noopener noreferrer\">see<\/a><\/li>\n<li style=\"text-align: justify;\">\n<div id=\"gs_cit1\"><strong>Mariette J<\/strong>, <strong>Noirot C<\/strong>, <strong>Nabihoudine I<\/strong>, Bardou P, <strong>Hoede C<\/strong>, Djari A, Cabau C, <strong>Klopp C<\/strong>. (2014) RNAbrowse: RNA-Seq De Novo Assembly Results Browser. PLoS ONE 9(5): e96821. doi: 10.1371\/journal.pone.0096821. <a href=\"http:\/\/www.plosone.org\/article\/info%3Adoi%2F10.1371%2Fjournal.pone.0096821\" target=\"_blank\" rel=\"noopener noreferrer\">see<\/a><\/div>\n<\/li>\n<li style=\"text-align: justify;\">Magnanou E, <strong>Klopp C<\/strong><b>, <\/b><strong>Noirot C<\/strong>, Besseau L, Falc\u00f3n J. Generation and characterization of the sea bass Dicentrarchus labrax brain and liver transcriptomes. Gene. 2014 Jul 1;544(1):56-66. doi: 10.1016\/j.gene.2014.04.032. Epub 2014 Apr 21.<a href=\"http:\/\/www.plosone.org\/article\/info%3Adoi%2F10.1371%2Fjournal.pone.0091929\" target=\"_blank\" rel=\"noopener noreferrer\">see<\/a><\/li>\n<li style=\"text-align: justify;\"><strong>Hoede C<\/strong>, Arnoux S, Moisset M, Chaumier T, Inizan O, et al. (2014) PASTEC: An Automatic Transposable Element Classification Tool. PLoS ONE 9(5): e91929. doi:10.1371\/journal.pone.0091929. <a href=\"http:\/\/www.plosone.org\/article\/info%3Adoi%2F10.1371%2Fjournal.pone.0091929\" target=\"_blank\" rel=\"noopener noreferrer\">see<\/a><\/li>\n<li style=\"text-align: justify;\">Puchalska, P., Concepci\u00f3n Garc\u00eda, M., &amp; Luisa Marina, M. Identification of native angiotensin-I converting enzyme inhibitory peptides in commercial soybean based infant formulas using HPLC-Q-ToF-MS. <i>Food chemistry<\/i>, <i>157<\/i>, 62-69. <a href=\"http:\/\/www.sciencedirect.com\/science\/article\/pii\/S030881461400185X\" target=\"_blank\" rel=\"noopener noreferrer\">see<\/a><\/li>\n<li style=\"text-align: justify;\">Berthelot C, Brunet F, Chalopin D, Juanchich A, Bernard M, Noel B, Bento P, Da Silva C, Labadie K, Albertii A, Aury JM, Louis A, Dehais P, Bardou P, Montfort J, <strong>Klopp C<\/strong>, Cabau C, <strong>Gaspin C<\/strong>, Thorgaard GH, Boussaha M, Quillet A, Guyomard R, galiana D, Bobe J, Volff JN, gene C, Wincker P, Jaillon O, Roest Crollius H, Guigen Y. The rainbow trout genome provides novel insights into evolution after whole-genome duplication invertebrates. NATURE COMMUNICATIONS, 5:3657, DOI: 10.103. <a href=\"http:\/\/www.nature.com\/ncomms\/2014\/140422\/ncomms4657\/full\/ncomms4657.html\" target=\"_blank\" rel=\"noopener noreferrer\">see<\/a><\/li>\n<li style=\"text-align: justify;\">Mal\u00e9, P. J. G., Bardon, L., Besnard, G., Coissac, E., Delsuc, F., Engel, J., &#8230; &amp; Chave, J. (2014). Genome skimming by shotgun sequencing helps resolve the phylogeny of a pantropical tree family. <i>Molecular ecology resources<\/i>. <a href=\"http:\/\/onlinelibrary.wiley.com\/doi\/10.1111\/1755-0998.12246\/full\" target=\"_blank\" rel=\"noopener noreferrer\">see<\/a><\/li>\n<li style=\"text-align: justify;\">David Allouche, Jessica Davies, Simon de Givry, George Katsirelos, Thomas Schiex, Seydou Traor\u00e9, Isabelle Andr\u00e9, Sophie Barbe, Steve Prestwich, Barry O&#8217;Sullivan. Computational protein design as an optimization problem. <a href=\"http:\/\/dx.doi.org\/10.1016\/j.artint.2014.03.005\" target=\"_blank\" rel=\"noopener noreferrer\">see<\/a><\/li>\n<li style=\"text-align: justify;\">Laure Fresard, Sophie Leroux, Bertrand Servin, David Gourichon, Patrice Dehais, Magali San Cristobal, Nathalie Marsaud, Florence Vignoles, Bertrand Bedhom, Jean-Luc Coville, Farhad Hormozdiari, Catherine Beaumont, Tatiana Zerjal, Alain Vignal, Mireille Morisson, Sandrine Lagarrigue and Frederique Pitel. Transcriptome-wide investigation of genomic imprinting in chicken. Nucleic Acids Research, 2014, 1\u201315. doi:10.1093\/nar\/gkt1390. <a href=\"http:\/\/nar.oxfordjournals.org\/content\/early\/2014\/01\/21\/nar.gkt1390.abstract\" target=\"_blank\" rel=\"noopener noreferrer\">see\u00a0<\/a><\/li>\n<li style=\"text-align: justify;\">Etienne Liais, Guillaume Croville, <strong>J\u00e9r\u00f4me Mariette<\/strong>, Maxence Delverdier, Marie-Noelle Lucas, <strong>Christophe Klopp<\/strong>, J\u00e9r\u00f4me Lluch, C\u00e9cile Donnadieu, James S. Guy, L\u00e9ni Corrand, Mariette F. Ducatez, and Jean-Luc Gu\u00e9rin. Novel Avian Coronavirus and Fulminating Disease in Guinea Fowl, France. Emerg Infect Dis. <a href=\"http:\/\/dx.doi.org\/10.3201\/eid2001.130774\" target=\"_blank\" rel=\"noopener noreferrer\">see<\/a><\/li>\n<li style=\"text-align: justify;\">Gschloessl B, Vogel H, Burban C, Heckel D, Streiff R, Kerdelhu\u00e9 C. 2014. Comparative analysis of two phenologically divergent populations of the pine processionary moth (Thaumetopoea pityocampa) by de novo transcriptome sequencing.\u00a0 Insect Biochem Mol Biol. ;46:31-42. <a href=\"http:\/\/www.ncbi.nlm.nih.gov\/pubmed\/24468684\" target=\"_blank\" rel=\"noopener noreferrer\">see<\/a><\/li>\n<li style=\"text-align: justify;\">Vignaud, T. M., Maynard, J. A., Leblois, R., Meekan, M. G., V\u00e1zquez?Ju\u00e1rez, R., Ram\u00edrez?Mac\u00edas, D., &#8230; &amp; Planes, S. (2014). Genetic structure of populations of whale sharks among ocean basins and evidence for their historic rise and recent decline. <i>Molecular Ecology<\/i>. <a href=\"http:\/\/onlinelibrary.wiley.com\/doi\/10.1111\/mec.12754\/abstract\" target=\"_blank\" rel=\"noopener noreferrer\">see<\/a><\/li>\n<li style=\"text-align: justify;\">F Assenza, JM Elsen, A Legarra, C Carr\u00e9, G Sall\u00e9, C Robert-Grani\u00e9, C Moreno. Genetic parameters for growth and faecal worm egg count following Haemonchus contortus experimental infestations using pedigree and molecular information. 2014. Genetics, Selection, Evolution, \u00a046:13. <a href=\"http:\/\/www.biomedcentral.com\/content\/pdf\/1297-9686-46-13.pdf\" target=\"_blank\" rel=\"noopener noreferrer\">see<\/a><\/li>\n<li style=\"text-align: justify;\">A. Legarra, G. Baloche, F.Barillet, J.M. Astruc, C. Soulas, X. Aguerre, F. Arrese, L.Mintegi, M. Lasarte, F. Maeztu|, I. Beltr\u00e1n de Heredia, E. Ugarte. 2014. Within and across-breed genomic predictions and genomic relationships for Western Pyrenees breeds of dairy sheep Latxa, Manech and Basco-Bearnaise. Journal of Dairy Science, 3200-3212. <a href=\"http:\/\/www.journalofdairyscience.org\/article\/S0022-0302%2814%2900204-5\/pdf\" target=\"_blank\" rel=\"noopener noreferrer\">see<\/a><\/li>\n<li style=\"text-align: justify;\">J Ertl, A Legarra, ZG Vitezica, L Varona, C Edel, R Emmerling, KU G\u00f6tz., 2014 Genomic analysis of dominance effects in milk production and conformation traits of Fleckvieh cattle. Genetics Selection Evolution, 46:40. <a href=\"https:\/\/journal.interbull.org\/index.php\/ib\/article\/view\/1288\" target=\"_blank\" rel=\"noopener noreferrer\">see<\/a><\/li>\n<li style=\"text-align: justify;\">Sanu Shameer, Flora J. Logan-Klumpler, Florence Vinson, Ludovic Cottret, Benjamin Merlet, Fiona Achcar, Michael Boshart, Matthew Berriman, Rainer Breitling, Fr\u00e9d\u00e9ric Bringaud, Peter B\u00fctikofer, Amy M. Cattanach, Bridget Bannerman-Chukualim, Darren J. Creek, Kathryn Crouch, Harry P. de Koning, Hubert Denise, Charles Ebikeme, Alan H. Fairlamb, Michael A. J. Ferguson, Michael L. Ginger, Christiane Hertz-Fowler, Eduard J. Kerkhoven, Pascal M\u00e4ser, Paul A. M. Michels, Archana Nayak, David W. Nes, Derek P. Nolan, Christian Olsen, Fatima Silva-Franco, Terry K. Smith, Martin C. Taylor, Aloysius G. M. Tielens, Michael D. Urbaniak, Jaap J. van Hellemond, Isabel M. Vincent, Shane R. Wilkinson, Susan Wyllie, Fred R. Opperdoes, Michael P. Barrett, and Fabien Jourdan, TrypanoCyc: a community-led biochemical pathways database for Trypanosoma brucei Nucl. Acids Res. first published online October 9, 2014 doi:10.1093\/nar\/gku944. <a href=\"http:\/\/nar.oxfordjournals.org\/content\/early\/2014\/10\/08\/nar.gku944.full.pdf+html\" target=\"_blank\" rel=\"noopener noreferrer\">see<\/a><\/li>\n<li style=\"text-align: justify;\">Vignaud T. M., J. Mourier, J. A. Maynard, R. Leblois, J. Spaet, E. Clua, V. Neglia, S. Planes. 2014. Blacktip reef sharks, Carcharhinus melanopterus, have high genetic structure and varying demographic histories in their Indo-Pacific range. Molecular Ecology, 23: 5193-5207. doi : 10.1111\/mec.12936. <a href=\"http:\/\/onlinelibrary.wiley.com\/doi\/10.1111\/mec.12936\/pdf\" target=\"_blank\" rel=\"noopener noreferrer\">see<\/a><\/li>\n<li style=\"text-align: justify;\">Leblois R., P. Pudlo, J. N\u00e9ron, F. Bertaux, C. Reddy Beeravolu, R. Vitalis, F. Rousset. 2014. Maximum likelihood inference of population size contractions from microsatellite data. Molecular Biology and Evolution 31: 2805-2823. doi: 10.1093\/molbev\/msu212. <a href=\"http:\/\/mbe.oxfordjournals.org\/content\/31\/10\/2805.full.pdf+html\" target=\"_blank\" rel=\"noopener noreferrer\">see<\/a><\/li>\n<li style=\"text-align: justify;\">Mar\u00e7al Soler, Eduardo Leal Oliveira Camargo, Victor Carocha, Hua Cassan-Wang, H\u00e9l\u00e8ne San Clemente, Bruno Savelli, Charles A. Hefer4, Jorge A. Pinto Paiva, Alexander A. Myburg and Jacqueline Grima-Pettenati, The Eucalyptus grandis R2R3-MYB transcription factor family: evidence for woody growth-related evolution and function, New Phytol., DOI: 10.1111\/nph.13039, sept 201. <a href=\"http:\/\/www.ncbi.nlm.nih.gov\/pubmed\/25250741\" target=\"_blank\" rel=\"noopener noreferrer\">see<\/a><\/li>\n<li id=\"artDoi\" style=\"text-align: justify;\">Hong Yu, Marc\u00b8al Soler, Isabelle Mila, He lene San Clemente, Bruno Savelli, Christophe Dunand, Jorge A. P. Paiva, Alexander A. Myburg, Mondher Bouzayen, Jacqueline Grima-Pettenati, Hua Cassan-Wan, Genome-Wide Characterization and Expression Profiling of the AUXIN RESPONSE FACTOR (ARF) Gene Family in Eucalyptus grandi, PloS One, volume 9, issue 9, e108906,sept\u00a0 2014, DOI: 10.1371\/journal.pone.010890. <a href=\"http:\/\/journals.plos.org\/plosone\/article?id=10.1371\/journal.pone.0108906\" target=\"_blank\" rel=\"noopener noreferrer\">see <\/a><\/li>\n<li style=\"text-align: justify;\">Hong et al, Comprehensive Genome-wide Analysis of the Aux\/IAA Gene Family in Eucalyptus: Evidence for the Role of EgrIAA4 in Wood Formation, Plant and Cell Physiology (PCP), dec 2014, doi: 10.1093\/pcp\/pcu215. <a href=\"http:\/\/www.ncbi.nlm.nih.gov\/pubmed\/25577568\" target=\"_blank\" rel=\"noopener noreferrer\">see <\/a><\/li>\n<li style=\"text-align: justify;\">David Allouche, Christine Cierco-Ayrolles, Simon de\u00a0Givry, G\u00a0Guillermin, Brigitte Mangin, Thomas Schiex, Jimmy Vandel, and Matthieu Vignes; <i>Gene Network Inference<\/i>, chapter A Panel of Learning Methods for the Reconstruction of Gene Regulatory Networks in a Systems Genetics Contex; Springer, 2014<\/li>\n<li style=\"text-align: justify;\">N\u00a0Briot, A\u00a0Chateau, R\u00a0Coletta, S\u00a0de\u00a0Givry, P\u00a0Leleux, and T\u00a0Schiex; An integer linear programming approach for genome scaffolding; In <i>CP-14 workshop on Constraint-Based Methods for Bioinformatics<\/i>, Lyon, France, 2014<\/li>\n<\/ol>\n","protected":false},"excerpt":{"rendered":"<p>J Mariette, M Olteanu, J Boelaert, N Villa-Vialaneix. Bagged kernel SOM. 2014. Advances in Self-Organizing Maps and Learning Vector Quantization, 45-54. see Morel, A, Teyssier C, Trontin J-F, Eli\u00e1\u0161ov\u00e1 K, Pe\u0161ek B, Beaufour M,&#46;&#46;&#46;<\/p>\n","protected":false},"author":2,"featured_media":0,"parent":21,"menu_order":6,"comment_status":"closed","ping_status":"closed","template":"page-templates\/child-menu.php","meta":[],"yoast_head":"<!-- This site is optimized with the Yoast SEO plugin v20.2 - https:\/\/yoast.com\/wordpress\/plugins\/seo\/ -->\n<title>2014 - genotoul-bioinfo-UPDATE<\/title>\n<meta name=\"robots\" content=\"index, follow, max-snippet:-1, max-image-preview:large, max-video-preview:-1\" \/>\n<link rel=\"canonical\" href=\"https:\/\/vm-bioinfo-wp.toulouse.inrae.fr\/genotoul_test_update\/index.php\/about-us\/publications-2-2-2\/2014-2\/\" \/>\n<script type=\"application\/ld+json\" class=\"yoast-schema-graph\">{\"@context\":\"https:\/\/schema.org\",\"@graph\":[{\"@type\":\"WebPage\",\"@id\":\"https:\/\/vm-bioinfo-wp.toulouse.inrae.fr\/genotoul_test_update\/index.php\/about-us\/publications-2-2-2\/2014-2\/\",\"url\":\"https:\/\/vm-bioinfo-wp.toulouse.inrae.fr\/genotoul_test_update\/index.php\/about-us\/publications-2-2-2\/2014-2\/\",\"name\":\"2014 - genotoul-bioinfo-UPDATE\",\"isPartOf\":{\"@id\":\"https:\/\/vm-bioinfo-wp.toulouse.inrae.fr\/genotoul_test_update\/#website\"},\"datePublished\":\"2016-05-04T08:08:22+00:00\",\"dateModified\":\"2021-12-21T10:43:23+00:00\",\"breadcrumb\":{\"@id\":\"https:\/\/vm-bioinfo-wp.toulouse.inrae.fr\/genotoul_test_update\/index.php\/about-us\/publications-2-2-2\/2014-2\/#breadcrumb\"},\"inLanguage\":\"en-US\",\"potentialAction\":[{\"@type\":\"ReadAction\",\"target\":[\"https:\/\/vm-bioinfo-wp.toulouse.inrae.fr\/genotoul_test_update\/index.php\/about-us\/publications-2-2-2\/2014-2\/\"]}]},{\"@type\":\"BreadcrumbList\",\"@id\":\"https:\/\/vm-bioinfo-wp.toulouse.inrae.fr\/genotoul_test_update\/index.php\/about-us\/publications-2-2-2\/2014-2\/#breadcrumb\",\"itemListElement\":[{\"@type\":\"ListItem\",\"position\":1,\"name\":\"Home\",\"item\":\"https:\/\/vm-bioinfo-wp.toulouse.inrae.fr\/genotoul_test_update\/\"},{\"@type\":\"ListItem\",\"position\":2,\"name\":\"About us\",\"item\":\"https:\/\/vm-bioinfo-wp.toulouse.inrae.fr\/genotoul_test_update\/index.php\/about-us\/\"},{\"@type\":\"ListItem\",\"position\":3,\"name\":\"Publications\",\"item\":\"https:\/\/vm-bioinfo-wp.toulouse.inrae.fr\/genotoul_test_update\/index.php\/about-us\/publications-2-2-2\/\"},{\"@type\":\"ListItem\",\"position\":4,\"name\":\"2014\"}]},{\"@type\":\"WebSite\",\"@id\":\"https:\/\/vm-bioinfo-wp.toulouse.inrae.fr\/genotoul_test_update\/#website\",\"url\":\"https:\/\/vm-bioinfo-wp.toulouse.inrae.fr\/genotoul_test_update\/\",\"name\":\"genotoul-bioinfo-UPDATE\",\"description\":\"\",\"publisher\":{\"@id\":\"https:\/\/vm-bioinfo-wp.toulouse.inrae.fr\/genotoul_test_update\/#organization\"},\"potentialAction\":[{\"@type\":\"SearchAction\",\"target\":{\"@type\":\"EntryPoint\",\"urlTemplate\":\"https:\/\/vm-bioinfo-wp.toulouse.inrae.fr\/genotoul_test_update\/?s={search_term_string}\"},\"query-input\":\"required name=search_term_string\"}],\"inLanguage\":\"en-US\"},{\"@type\":\"Organization\",\"@id\":\"https:\/\/vm-bioinfo-wp.toulouse.inrae.fr\/genotoul_test_update\/#organization\",\"name\":\"genotoul-bioinfo-UPDATE\",\"url\":\"https:\/\/vm-bioinfo-wp.toulouse.inrae.fr\/genotoul_test_update\/\",\"logo\":{\"@type\":\"ImageObject\",\"inLanguage\":\"en-US\",\"@id\":\"https:\/\/vm-bioinfo-wp.toulouse.inrae.fr\/genotoul_test_update\/#\/schema\/logo\/image\/\",\"url\":\"\",\"contentUrl\":\"\",\"caption\":\"genotoul-bioinfo-UPDATE\"},\"image\":{\"@id\":\"https:\/\/vm-bioinfo-wp.toulouse.inrae.fr\/genotoul_test_update\/#\/schema\/logo\/image\/\"}}]}<\/script>\n<!-- \/ Yoast SEO plugin. -->","yoast_head_json":{"title":"2014 - genotoul-bioinfo-UPDATE","robots":{"index":"index","follow":"follow","max-snippet":"max-snippet:-1","max-image-preview":"max-image-preview:large","max-video-preview":"max-video-preview:-1"},"canonical":"https:\/\/vm-bioinfo-wp.toulouse.inrae.fr\/genotoul_test_update\/index.php\/about-us\/publications-2-2-2\/2014-2\/","schema":{"@context":"https:\/\/schema.org","@graph":[{"@type":"WebPage","@id":"https:\/\/vm-bioinfo-wp.toulouse.inrae.fr\/genotoul_test_update\/index.php\/about-us\/publications-2-2-2\/2014-2\/","url":"https:\/\/vm-bioinfo-wp.toulouse.inrae.fr\/genotoul_test_update\/index.php\/about-us\/publications-2-2-2\/2014-2\/","name":"2014 - genotoul-bioinfo-UPDATE","isPartOf":{"@id":"https:\/\/vm-bioinfo-wp.toulouse.inrae.fr\/genotoul_test_update\/#website"},"datePublished":"2016-05-04T08:08:22+00:00","dateModified":"2021-12-21T10:43:23+00:00","breadcrumb":{"@id":"https:\/\/vm-bioinfo-wp.toulouse.inrae.fr\/genotoul_test_update\/index.php\/about-us\/publications-2-2-2\/2014-2\/#breadcrumb"},"inLanguage":"en-US","potentialAction":[{"@type":"ReadAction","target":["https:\/\/vm-bioinfo-wp.toulouse.inrae.fr\/genotoul_test_update\/index.php\/about-us\/publications-2-2-2\/2014-2\/"]}]},{"@type":"BreadcrumbList","@id":"https:\/\/vm-bioinfo-wp.toulouse.inrae.fr\/genotoul_test_update\/index.php\/about-us\/publications-2-2-2\/2014-2\/#breadcrumb","itemListElement":[{"@type":"ListItem","position":1,"name":"Home","item":"https:\/\/vm-bioinfo-wp.toulouse.inrae.fr\/genotoul_test_update\/"},{"@type":"ListItem","position":2,"name":"About us","item":"https:\/\/vm-bioinfo-wp.toulouse.inrae.fr\/genotoul_test_update\/index.php\/about-us\/"},{"@type":"ListItem","position":3,"name":"Publications","item":"https:\/\/vm-bioinfo-wp.toulouse.inrae.fr\/genotoul_test_update\/index.php\/about-us\/publications-2-2-2\/"},{"@type":"ListItem","position":4,"name":"2014"}]},{"@type":"WebSite","@id":"https:\/\/vm-bioinfo-wp.toulouse.inrae.fr\/genotoul_test_update\/#website","url":"https:\/\/vm-bioinfo-wp.toulouse.inrae.fr\/genotoul_test_update\/","name":"genotoul-bioinfo-UPDATE","description":"","publisher":{"@id":"https:\/\/vm-bioinfo-wp.toulouse.inrae.fr\/genotoul_test_update\/#organization"},"potentialAction":[{"@type":"SearchAction","target":{"@type":"EntryPoint","urlTemplate":"https:\/\/vm-bioinfo-wp.toulouse.inrae.fr\/genotoul_test_update\/?s={search_term_string}"},"query-input":"required name=search_term_string"}],"inLanguage":"en-US"},{"@type":"Organization","@id":"https:\/\/vm-bioinfo-wp.toulouse.inrae.fr\/genotoul_test_update\/#organization","name":"genotoul-bioinfo-UPDATE","url":"https:\/\/vm-bioinfo-wp.toulouse.inrae.fr\/genotoul_test_update\/","logo":{"@type":"ImageObject","inLanguage":"en-US","@id":"https:\/\/vm-bioinfo-wp.toulouse.inrae.fr\/genotoul_test_update\/#\/schema\/logo\/image\/","url":"","contentUrl":"","caption":"genotoul-bioinfo-UPDATE"},"image":{"@id":"https:\/\/vm-bioinfo-wp.toulouse.inrae.fr\/genotoul_test_update\/#\/schema\/logo\/image\/"}}]}},"_links":{"self":[{"href":"https:\/\/vm-bioinfo-wp.toulouse.inrae.fr\/genotoul_test_update\/index.php\/wp-json\/wp\/v2\/pages\/32"}],"collection":[{"href":"https:\/\/vm-bioinfo-wp.toulouse.inrae.fr\/genotoul_test_update\/index.php\/wp-json\/wp\/v2\/pages"}],"about":[{"href":"https:\/\/vm-bioinfo-wp.toulouse.inrae.fr\/genotoul_test_update\/index.php\/wp-json\/wp\/v2\/types\/page"}],"author":[{"embeddable":true,"href":"https:\/\/vm-bioinfo-wp.toulouse.inrae.fr\/genotoul_test_update\/index.php\/wp-json\/wp\/v2\/users\/2"}],"replies":[{"embeddable":true,"href":"https:\/\/vm-bioinfo-wp.toulouse.inrae.fr\/genotoul_test_update\/index.php\/wp-json\/wp\/v2\/comments?post=32"}],"version-history":[{"count":5,"href":"https:\/\/vm-bioinfo-wp.toulouse.inrae.fr\/genotoul_test_update\/index.php\/wp-json\/wp\/v2\/pages\/32\/revisions"}],"predecessor-version":[{"id":19142,"href":"https:\/\/vm-bioinfo-wp.toulouse.inrae.fr\/genotoul_test_update\/index.php\/wp-json\/wp\/v2\/pages\/32\/revisions\/19142"}],"up":[{"embeddable":true,"href":"https:\/\/vm-bioinfo-wp.toulouse.inrae.fr\/genotoul_test_update\/index.php\/wp-json\/wp\/v2\/pages\/21"}],"wp:attachment":[{"href":"https:\/\/vm-bioinfo-wp.toulouse.inrae.fr\/genotoul_test_update\/index.php\/wp-json\/wp\/v2\/media?parent=32"}],"curies":[{"name":"wp","href":"https:\/\/api.w.org\/{rel}","templated":true}]}}