{"id":2995,"date":"2018-12-07T14:02:52","date_gmt":"2018-12-07T13:02:52","guid":{"rendered":"https:\/\/vm-bioinfo-wp.toulouse.inrae.fr\/genotoul_test_update\/?page_id=2995"},"modified":"2022-08-25T11:51:59","modified_gmt":"2022-08-25T09:51:59","slug":"partners","status":"publish","type":"page","link":"https:\/\/vm-bioinfo-wp.toulouse.inrae.fr\/genotoul_test_update\/index.php\/about-us\/partners\/","title":{"rendered":"Partners"},"content":{"rendered":"<table style=\"border-collapse: collapse; width: 100%; height: 143px;\" border=\"0\">\n<tbody>\n<tr style=\"height: 106px; border: 0 none;\">\n<td style=\"width: 25%; text-align: center; height: 95px;\">\n<p><a href=\"http:\/\/www.genotoul.fr\" target=\"_blank\" rel=\"noopener noreferrer\"><img decoding=\"async\" loading=\"lazy\" class=\"wp-image-3035 size-full aligncenter\" src=\"https:\/\/vm-bioinfo-wp.toulouse.inrae.fr\/genotoul_test_update\/wp-content\/uploads\/genotoul150x150.png\" alt=\"\" width=\"180\" height=\"180\" \/><\/a><\/p>\n<p>Genotoul<\/p>\n<\/td>\n<td style=\"width: 25%; text-align: center; height: 95px;\">\n<p><a href=\"https:\/\/cnrs.fr\/\" target=\"_blank\" rel=\"noopener noreferrer\"><img decoding=\"async\" loading=\"lazy\" class=\"alignnone wp-image-3043 size-full\" src=\"https:\/\/vm-bioinfo-wp.toulouse.inrae.fr\/genotoul_test_update\/wp-content\/uploads\/CNRS150x150.png\" alt=\"\" width=\"100\" height=\"100\" \/><\/a><\/p>\n<p>Centre national de la recherche scientifique<\/p>\n<\/td>\n<td style=\"width: 25%; text-align: center; height: 95px;\">\n<p><a href=\"https:\/\/www.inserm.fr\/\" target=\"_blank\" rel=\"noopener noreferrer\"><img decoding=\"async\" loading=\"lazy\" class=\"alignnone wp-image-3037 size-full\" src=\"https:\/\/vm-bioinfo-wp.toulouse.inrae.fr\/genotoul_test_update\/wp-content\/uploads\/Inserm150x150.png\" alt=\"\" width=\"100\" height=\"100\" \/><\/a><\/p>\n<p>Institut national de la sant\u00e9 et de la recherche m\u00e9dicale<\/p>\n<\/td>\n<td style=\"width: 25%; text-align: center; height: 95px;\">\n<p><a href=\"http:\/\/www.univ-tlse3.fr\/\" target=\"_blank\" rel=\"noopener noreferrer\"><img decoding=\"async\" loading=\"lazy\" class=\"alignnone wp-image-3039 size-full\" src=\"https:\/\/vm-bioinfo-wp.toulouse.inrae.fr\/genotoul_test_update\/wp-content\/uploads\/UPS150x150.png\" alt=\"\" width=\"180\" height=\"180\" \/><\/a><\/p>\n<p>Universit\u00e9 Paul Sabatier<\/p>\n<\/td>\n<\/tr>\n<tr style=\"height: 48px;\">\n<td style=\"width: 25%; text-align: center; height: 48px;\">\n<div class=\"csColumn\" data-csid=\"e45a98f9-0732-6cd7-a36a-73147ad7796c\" data-cswidth=\"25.0%\" data-csendpoint=\"236.24999870117188\" data-csstartpoint=\"14.999998701171876\">\n<div class=\"csColumn\" data-csid=\"637ab3b1-d164-ca63-ae90-e4b62d59c8e0\" data-cswidth=\"25.0%\" data-csendpoint=\"236.24999870117188\" data-csstartpoint=\"14.999998701171876\"><a href=\"http:\/\/www.insa-toulouse.fr\/fr\/index.html\" target=\"_blank\" rel=\"noopener noreferrer\"><img decoding=\"async\" loading=\"lazy\" class=\"aligncenter wp-image-409 size-full\" src=\"https:\/\/vm-bioinfo-wp.toulouse.inrae.fr\/genotoul_test_update\/wp-content\/uploads\/2016\/05\/logo_insa.gif\" alt=\"logo_insa\" width=\"100\" height=\"100\" \/><\/a>Institut National des Sciences Appliqu\u00e9es<\/div>\n<\/div>\n<\/td>\n<td style=\"width: 25%; text-align: center; height: 48px;\"><a href=\"http:\/\/www.europe-en-lrmp.eu\/web\/Europe\/\" target=\"_blank\" rel=\"noopener noreferrer\"><img decoding=\"async\" loading=\"lazy\" class=\"aligncenter wp-image-404 size-full\" src=\"https:\/\/vm-bioinfo-wp.toulouse.inrae.fr\/genotoul_test_update\/wp-content\/uploads\/2016\/05\/logo_feder.jpg\" alt=\"logo_feder\" width=\"100\" height=\"100\" srcset=\"https:\/\/vm-bioinfo-wp.toulouse.inrae.fr\/genotoul_test_update\/wp-content\/uploads\/2016\/05\/logo_feder.jpg 100w, https:\/\/vm-bioinfo-wp.toulouse.inrae.fr\/genotoul_test_update\/wp-content\/uploads\/2016\/05\/logo_feder-150x150.jpg 150w, https:\/\/vm-bioinfo-wp.toulouse.inrae.fr\/genotoul_test_update\/wp-content\/uploads\/2016\/05\/logo_feder-160x160.jpg 160w, https:\/\/vm-bioinfo-wp.toulouse.inrae.fr\/genotoul_test_update\/wp-content\/uploads\/2016\/05\/logo_feder-320x320.jpg 320w\" sizes=\"(max-width: 100px) 100vw, 100px\" \/><\/a><\/p>\n<div class=\"csColumn\" data-csid=\"637ab3b1-d164-ca63-ae90-e4b62d59c8e0\" data-cswidth=\"25.0%\" data-csendpoint=\"236.24999870117188\" data-csstartpoint=\"14.999998701171876\">Fonds europ\u00e9en de d\u00e9veloppement r\u00e9gional<\/div>\n<\/td>\n<td style=\"width: 25%; text-align: center; height: 48px;\"><a href=\"http:\/\/www.laregion.fr\/\" target=\"_blank\" rel=\"noopener noreferrer\"><img decoding=\"async\" loading=\"lazy\" class=\"aligncenter wp-image-411 size-full\" src=\"https:\/\/vm-bioinfo-wp.toulouse.inrae.fr\/genotoul_test_update\/wp-content\/uploads\/Occitanie.png\" alt=\"logo_region\" width=\"100\" height=\"100\" \/><\/a>R\u00e9gion Occitanie<\/td>\n<td style=\"width: 25%; text-align: center; height: 48px;\">\n<p><a href=\"http:\/\/www.enseignementsup-recherche.gouv.fr\/?feuilleCSS=firefox\" target=\"_blank\" rel=\"noopener noreferrer\"><img decoding=\"async\" loading=\"lazy\" class=\"aligncenter wp-image-406 size-full\" src=\"https:\/\/vm-bioinfo-wp.toulouse.inrae.fr\/genotoul_test_update\/wp-content\/uploads\/2016\/05\/logo_france.gif\" alt=\"logo_france\" width=\"100\" height=\"100\" \/><\/a>Minist\u00e8re de l&#8217;\u00e9ducation nationale, de l&#8217;enseignement sup\u00e9rieur et de la recherches<\/p>\n<\/td>\n<\/tr>\n<\/tbody>\n<\/table>\n<table style=\"border-collapse: collapse; width: 100%;\" border=\"0\">\n<tbody>\n<tr>\n<td style=\"width: 25%; text-align: center;\"><a href=\"http:\/\/www.agence-nationale-recherche.fr\/\" target=\"_blank\" rel=\"noopener noreferrer\"><img decoding=\"async\" loading=\"lazy\" class=\"aligncenter wp-image-402 size-full\" src=\"https:\/\/vm-bioinfo-wp.toulouse.inrae.fr\/genotoul_test_update\/wp-content\/uploads\/2016\/05\/logo_ANR.png\" alt=\"logo_ANR\" width=\"100\" height=\"100\" srcset=\"https:\/\/vm-bioinfo-wp.toulouse.inrae.fr\/genotoul_test_update\/wp-content\/uploads\/2016\/05\/logo_ANR.png 100w, https:\/\/vm-bioinfo-wp.toulouse.inrae.fr\/genotoul_test_update\/wp-content\/uploads\/2016\/05\/logo_ANR-150x150.png 150w, https:\/\/vm-bioinfo-wp.toulouse.inrae.fr\/genotoul_test_update\/wp-content\/uploads\/2016\/05\/logo_ANR-160x160.png 160w, https:\/\/vm-bioinfo-wp.toulouse.inrae.fr\/genotoul_test_update\/wp-content\/uploads\/2016\/05\/logo_ANR-320x320.png 320w\" sizes=\"(max-width: 100px) 100vw, 100px\" \/><\/a>Agence national de la recherche<\/td>\n<td style=\"width: 25%; text-align: center;\"><a href=\"https:\/\/www.france-bioinformatique.fr\/\" target=\"_blank\" rel=\"noopener noreferrer\"><img decoding=\"async\" loading=\"lazy\" class=\"aligncenter wp-image-3100 size-full\" src=\"https:\/\/vm-bioinfo-wp.toulouse.inrae.fr\/genotoul_test_update\/wp-content\/uploads\/ifb-logo_1.png\" alt=\"logo_IFB\" width=\"180\" height=\"180\" \/><\/a>Institut fran\u00e7ais de bioinformatique<\/td>\n<td style=\"width: 25%; text-align: center;\">\n<p><a href=\"https:\/\/www.france-genomique.org\/spip\/spip.php?article91&amp;lang=fr\" target=\"_blank\" rel=\"noopener noreferrer\"><img decoding=\"async\" loading=\"lazy\" class=\"aligncenter wp-image-405 size-full\" src=\"https:\/\/vm-bioinfo-wp.toulouse.inrae.fr\/genotoul_test_update\/wp-content\/uploads\/2016\/05\/logo_FG.png\" alt=\"logo_FG\" width=\"100\" height=\"100\" srcset=\"https:\/\/vm-bioinfo-wp.toulouse.inrae.fr\/genotoul_test_update\/wp-content\/uploads\/2016\/05\/logo_FG.png 100w, https:\/\/vm-bioinfo-wp.toulouse.inrae.fr\/genotoul_test_update\/wp-content\/uploads\/2016\/05\/logo_FG-150x150.png 150w, https:\/\/vm-bioinfo-wp.toulouse.inrae.fr\/genotoul_test_update\/wp-content\/uploads\/2016\/05\/logo_FG-160x160.png 160w, https:\/\/vm-bioinfo-wp.toulouse.inrae.fr\/genotoul_test_update\/wp-content\/uploads\/2016\/05\/logo_FG-320x320.png 320w\" sizes=\"(max-width: 100px) 100vw, 100px\" \/><\/a>France Genomique<\/p>\n<\/td>\n<td style=\"width: 25%; text-align: center;\">\n<p><a href=\"https:\/\/bioinfomics.inrae.fr\/\" target=\"_blank\" rel=\"noopener noreferrer\"><img decoding=\"async\" loading=\"lazy\" class=\"aligncenter wp-image-405 size-full\" src=\"https:\/\/vm-bioinfo-wp.toulouse.inrae.fr\/genotoul_test_update\/wp-content\/uploads\/logo-bioinfomics-quadri.jpg\" alt=\"logo_Bioinfomics\" width=\"180\" height=\"180\" \/><\/a>Bioinfomics<\/p>\n<\/td>\n<\/tr>\n<\/tbody>\n<\/table>\n<table style=\"border-collapse: collapse; width: 100%; height: 220px;\" border=\"0\">\n<tbody>\n<tr style=\"height: 220px;\">\n<td style=\"width: 33.3333%; text-align: center; height: 220px;\">\n<p><a href=\"http:\/\/www.sigenae.org\/\" target=\"_blank\" rel=\"noopener noreferrer\"><img decoding=\"async\" loading=\"lazy\" class=\"aligncenter wp-image-403 size-full\" src=\"https:\/\/vm-bioinfo-wp.toulouse.inrae.fr\/genotoul_test_update\/wp-content\/uploads\/2016\/06\/Sigenae.jpg\" width=\"100\" height=\"100\" \/><\/a><\/p>\n<p>Sigeane<\/p>\n<\/td>\n<td style=\"width: 33.3333%; text-align: center; height: 220px;\">\n<p><a href=\"https:\/\/get.genotoul.fr\/\" target=\"_blank\" rel=\"noopener noreferrer\"><img decoding=\"async\" loading=\"lazy\" class=\"alignnone wp-image-3036 size-full\" src=\"https:\/\/vm-bioinfo-wp.toulouse.inrae.fr\/genotoul_test_update\/wp-content\/uploads\/get150x150.png\" alt=\"\" width=\"150\" height=\"150\" \/><\/a><\/p>\n<p>Get-Plage<\/p>\n<\/td>\n<td style=\"width: 33.3333%; text-align: center; height: 220px;\">\n<p><a href=\"https:\/\/www6.toulouse.inra.fr\/metatoul\" target=\"_blank\" rel=\"noopener noreferrer\"><img decoding=\"async\" loading=\"lazy\" class=\"alignnone wp-image-3038 size-full\" src=\"https:\/\/vm-bioinfo-wp.toulouse.inrae.fr\/genotoul_test_update\/wp-content\/uploads\/metatoul150x150.png\" alt=\"\" width=\"150\" height=\"150\" \/><\/a><\/p>\n<p>Metatoul<\/p>\n<\/td>\n<\/tr>\n<\/tbody>\n<\/table>\n","protected":false},"excerpt":{"rendered":"<p>Genotoul Centre national de la recherche scientifique Institut national de la sant\u00e9 et de la recherche m\u00e9dicale Universit\u00e9 Paul Sabatier Institut National des Sciences Appliqu\u00e9es Fonds europ\u00e9en de d\u00e9veloppement r\u00e9gional R\u00e9gion Occitanie Minist\u00e8re de&#46;&#46;&#46;<\/p>\n","protected":false},"author":7,"featured_media":0,"parent":16,"menu_order":0,"comment_status":"closed","ping_status":"closed","template":"page-templates\/child-menu.php","meta":[],"yoast_head":"<!-- This site is optimized with the Yoast SEO plugin v20.2 - https:\/\/yoast.com\/wordpress\/plugins\/seo\/ -->\n<title>Partners - genotoul-bioinfo-UPDATE<\/title>\n<meta name=\"robots\" content=\"index, follow, max-snippet:-1, max-image-preview:large, max-video-preview:-1\" \/>\n<link rel=\"canonical\" href=\"https:\/\/vm-bioinfo-wp.toulouse.inrae.fr\/genotoul_test_update\/index.php\/about-us\/partners\/\" \/>\n<script type=\"application\/ld+json\" class=\"yoast-schema-graph\">{\"@context\":\"https:\/\/schema.org\",\"@graph\":[{\"@type\":\"WebPage\",\"@id\":\"https:\/\/vm-bioinfo-wp.toulouse.inrae.fr\/genotoul_test_update\/index.php\/about-us\/partners\/\",\"url\":\"https:\/\/vm-bioinfo-wp.toulouse.inrae.fr\/genotoul_test_update\/index.php\/about-us\/partners\/\",\"name\":\"Partners - genotoul-bioinfo-UPDATE\",\"isPartOf\":{\"@id\":\"https:\/\/vm-bioinfo-wp.toulouse.inrae.fr\/genotoul_test_update\/#website\"},\"datePublished\":\"2018-12-07T13:02:52+00:00\",\"dateModified\":\"2022-08-25T09:51:59+00:00\",\"breadcrumb\":{\"@id\":\"https:\/\/vm-bioinfo-wp.toulouse.inrae.fr\/genotoul_test_update\/index.php\/about-us\/partners\/#breadcrumb\"},\"inLanguage\":\"en-US\",\"potentialAction\":[{\"@type\":\"ReadAction\",\"target\":[\"https:\/\/vm-bioinfo-wp.toulouse.inrae.fr\/genotoul_test_update\/index.php\/about-us\/partners\/\"]}]},{\"@type\":\"BreadcrumbList\",\"@id\":\"https:\/\/vm-bioinfo-wp.toulouse.inrae.fr\/genotoul_test_update\/index.php\/about-us\/partners\/#breadcrumb\",\"itemListElement\":[{\"@type\":\"ListItem\",\"position\":1,\"name\":\"Home\",\"item\":\"https:\/\/vm-bioinfo-wp.toulouse.inrae.fr\/genotoul_test_update\/\"},{\"@type\":\"ListItem\",\"position\":2,\"name\":\"About us\",\"item\":\"https:\/\/vm-bioinfo-wp.toulouse.inrae.fr\/genotoul_test_update\/index.php\/about-us\/\"},{\"@type\":\"ListItem\",\"position\":3,\"name\":\"Partners\"}]},{\"@type\":\"WebSite\",\"@id\":\"https:\/\/vm-bioinfo-wp.toulouse.inrae.fr\/genotoul_test_update\/#website\",\"url\":\"https:\/\/vm-bioinfo-wp.toulouse.inrae.fr\/genotoul_test_update\/\",\"name\":\"genotoul-bioinfo-UPDATE\",\"description\":\"\",\"publisher\":{\"@id\":\"https:\/\/vm-bioinfo-wp.toulouse.inrae.fr\/genotoul_test_update\/#organization\"},\"potentialAction\":[{\"@type\":\"SearchAction\",\"target\":{\"@type\":\"EntryPoint\",\"urlTemplate\":\"https:\/\/vm-bioinfo-wp.toulouse.inrae.fr\/genotoul_test_update\/?s={search_term_string}\"},\"query-input\":\"required name=search_term_string\"}],\"inLanguage\":\"en-US\"},{\"@type\":\"Organization\",\"@id\":\"https:\/\/vm-bioinfo-wp.toulouse.inrae.fr\/genotoul_test_update\/#organization\",\"name\":\"genotoul-bioinfo-UPDATE\",\"url\":\"https:\/\/vm-bioinfo-wp.toulouse.inrae.fr\/genotoul_test_update\/\",\"logo\":{\"@type\":\"ImageObject\",\"inLanguage\":\"en-US\",\"@id\":\"https:\/\/vm-bioinfo-wp.toulouse.inrae.fr\/genotoul_test_update\/#\/schema\/logo\/image\/\",\"url\":\"\",\"contentUrl\":\"\",\"caption\":\"genotoul-bioinfo-UPDATE\"},\"image\":{\"@id\":\"https:\/\/vm-bioinfo-wp.toulouse.inrae.fr\/genotoul_test_update\/#\/schema\/logo\/image\/\"}}]}<\/script>\n<!-- \/ Yoast SEO plugin. -->","yoast_head_json":{"title":"Partners - genotoul-bioinfo-UPDATE","robots":{"index":"index","follow":"follow","max-snippet":"max-snippet:-1","max-image-preview":"max-image-preview:large","max-video-preview":"max-video-preview:-1"},"canonical":"https:\/\/vm-bioinfo-wp.toulouse.inrae.fr\/genotoul_test_update\/index.php\/about-us\/partners\/","schema":{"@context":"https:\/\/schema.org","@graph":[{"@type":"WebPage","@id":"https:\/\/vm-bioinfo-wp.toulouse.inrae.fr\/genotoul_test_update\/index.php\/about-us\/partners\/","url":"https:\/\/vm-bioinfo-wp.toulouse.inrae.fr\/genotoul_test_update\/index.php\/about-us\/partners\/","name":"Partners - genotoul-bioinfo-UPDATE","isPartOf":{"@id":"https:\/\/vm-bioinfo-wp.toulouse.inrae.fr\/genotoul_test_update\/#website"},"datePublished":"2018-12-07T13:02:52+00:00","dateModified":"2022-08-25T09:51:59+00:00","breadcrumb":{"@id":"https:\/\/vm-bioinfo-wp.toulouse.inrae.fr\/genotoul_test_update\/index.php\/about-us\/partners\/#breadcrumb"},"inLanguage":"en-US","potentialAction":[{"@type":"ReadAction","target":["https:\/\/vm-bioinfo-wp.toulouse.inrae.fr\/genotoul_test_update\/index.php\/about-us\/partners\/"]}]},{"@type":"BreadcrumbList","@id":"https:\/\/vm-bioinfo-wp.toulouse.inrae.fr\/genotoul_test_update\/index.php\/about-us\/partners\/#breadcrumb","itemListElement":[{"@type":"ListItem","position":1,"name":"Home","item":"https:\/\/vm-bioinfo-wp.toulouse.inrae.fr\/genotoul_test_update\/"},{"@type":"ListItem","position":2,"name":"About us","item":"https:\/\/vm-bioinfo-wp.toulouse.inrae.fr\/genotoul_test_update\/index.php\/about-us\/"},{"@type":"ListItem","position":3,"name":"Partners"}]},{"@type":"WebSite","@id":"https:\/\/vm-bioinfo-wp.toulouse.inrae.fr\/genotoul_test_update\/#website","url":"https:\/\/vm-bioinfo-wp.toulouse.inrae.fr\/genotoul_test_update\/","name":"genotoul-bioinfo-UPDATE","description":"","publisher":{"@id":"https:\/\/vm-bioinfo-wp.toulouse.inrae.fr\/genotoul_test_update\/#organization"},"potentialAction":[{"@type":"SearchAction","target":{"@type":"EntryPoint","urlTemplate":"https:\/\/vm-bioinfo-wp.toulouse.inrae.fr\/genotoul_test_update\/?s={search_term_string}"},"query-input":"required name=search_term_string"}],"inLanguage":"en-US"},{"@type":"Organization","@id":"https:\/\/vm-bioinfo-wp.toulouse.inrae.fr\/genotoul_test_update\/#organization","name":"genotoul-bioinfo-UPDATE","url":"https:\/\/vm-bioinfo-wp.toulouse.inrae.fr\/genotoul_test_update\/","logo":{"@type":"ImageObject","inLanguage":"en-US","@id":"https:\/\/vm-bioinfo-wp.toulouse.inrae.fr\/genotoul_test_update\/#\/schema\/logo\/image\/","url":"","contentUrl":"","caption":"genotoul-bioinfo-UPDATE"},"image":{"@id":"https:\/\/vm-bioinfo-wp.toulouse.inrae.fr\/genotoul_test_update\/#\/schema\/logo\/image\/"}}]}},"_links":{"self":[{"href":"https:\/\/vm-bioinfo-wp.toulouse.inrae.fr\/genotoul_test_update\/index.php\/wp-json\/wp\/v2\/pages\/2995"}],"collection":[{"href":"https:\/\/vm-bioinfo-wp.toulouse.inrae.fr\/genotoul_test_update\/index.php\/wp-json\/wp\/v2\/pages"}],"about":[{"href":"https:\/\/vm-bioinfo-wp.toulouse.inrae.fr\/genotoul_test_update\/index.php\/wp-json\/wp\/v2\/types\/page"}],"author":[{"embeddable":true,"href":"https:\/\/vm-bioinfo-wp.toulouse.inrae.fr\/genotoul_test_update\/index.php\/wp-json\/wp\/v2\/users\/7"}],"replies":[{"embeddable":true,"href":"https:\/\/vm-bioinfo-wp.toulouse.inrae.fr\/genotoul_test_update\/index.php\/wp-json\/wp\/v2\/comments?post=2995"}],"version-history":[{"count":21,"href":"https:\/\/vm-bioinfo-wp.toulouse.inrae.fr\/genotoul_test_update\/index.php\/wp-json\/wp\/v2\/pages\/2995\/revisions"}],"predecessor-version":[{"id":19286,"href":"https:\/\/vm-bioinfo-wp.toulouse.inrae.fr\/genotoul_test_update\/index.php\/wp-json\/wp\/v2\/pages\/2995\/revisions\/19286"}],"up":[{"embeddable":true,"href":"https:\/\/vm-bioinfo-wp.toulouse.inrae.fr\/genotoul_test_update\/index.php\/wp-json\/wp\/v2\/pages\/16"}],"wp:attachment":[{"href":"https:\/\/vm-bioinfo-wp.toulouse.inrae.fr\/genotoul_test_update\/index.php\/wp-json\/wp\/v2\/media?parent=2995"}],"curies":[{"name":"wp","href":"https:\/\/api.w.org\/{rel}","templated":true}]}}